 + g. What is the units digit of c?
5
Suppose 10 = 2*j - 44. What is the units digit of j?
7
Suppose d + 2 = 8. What is the tens digit of (d/(-4))/((-5)/60)?
1
Suppose 0 = 4*v - 3*v - 5. Let u = 43 - 1. Suppose -2*s - 2*j = j - u, 84 = v*s - 3*j. What is the tens digit of s?
1
Suppose -4 = 4*n + 5*w, 2*n - 4*w + 2*w - 16 = 0. What is the units digit of n?
4
Let h be -32 + 1/((-1)/(-3)). Let r = 31 + h. What is the units digit of r?
2
Let b = 3 + -3. Let k = b - 1. Let v = k + 6. What is the units digit of v?
5
What is the units digit of (-2)/(-4)*-6*-1?
3
What is the units digit of ((-825)/(-25))/(3/11)?
1
Let f(g) = -g - g + g + 2*g. What is the units digit of f(6)?
6
Let m(q) = -q**2 + 23*q - 1. What is the hundreds digit of m(15)?
1
Suppose -x - 397 = -5*m, m - x = -2*m + 237. What is the tens digit of m?
8
What is the units digit of 3*-38*(-22)/33?
6
Suppose 2*r - 33 = r - 4*s, 0 = 2*r + 2*s - 54. What is the tens digit of r?
2
Let x = -15 - -25. Suppose -4*b = -2*b + x. Let r = 12 + b. What is the units digit of r?
7
Let h(b) = b**3 - 5*b**2 + 5*b - 5. Let l be h(4). Let g = -4 - l. What is the units digit of 1 + -1 - 3/g?
1
What is the units digit of (-1)/(3 + (-19)/6)?
6
Suppose 0 = a - 3*a. Suppose a = 4*b - 83 - 21. What is the tens digit of b?
2
Let s be (-2)/4 + (-745)/(-10). Suppose 4*l + 4*p - 50 = s, 0 = 2*l + p - 67. What is the tens digit of l?
3
Let h = -7 + 2. Let l = h + 18. What is the tens digit of l?
1
Suppose 2*y + 44 = -5*r, 3*r = 4*y - 27 - 15. What is the units digit of (8/r)/((-3)/30)?
8
Let r(i) = 2*i**2 - 12*i + 3. Let l be r(6). Suppose l*x = -2*x + 195. What is the tens digit of x?
3
Suppose 21 + 29 = -5*n. Let c = -10 - n. Suppose c*g + 2*g - 6 = 0. What is the units digit of g?
3
Let q be (-18)/(-4) + (-2)/4. Suppose q*b = 10*b - 72. What is the tens digit of b?
1
Suppose -4*t + 12 + 32 = 0. Let c = 7 + -7. Suppose c = -5*m - t + 81. What is the units digit of m?
4
Let l(a) = 6*a**3 - a**2 - 9*a + 9. Let x(m) = -7*m**3 + 9*m - 10. Let o(z) = -6*l(z) - 5*x(z). Let c be ((-1)/(-2))/(1/14). What is the units digit of o(c)?
0
Suppose -5*x = -0*x - 295. What is the tens digit of x?
5
Suppose 0*x + 20 = 4*x. What is the units digit of x?
5
Let y = -28 - -52. Suppose 0 = 5*v - g - 31 - 9, 4*g = -3*v + y. What is the units digit of v?
8
What is the units digit of 2 + -4 - -41 - -4?
3
Suppose -3*z + 4*z + 4 = 0. Let x(j) = -2*j - 6. What is the units digit of x(z)?
2
Let o be (0 - 2/(-5))*-5. Suppose 2*y = 5*y - 27. Let g = y + o. What is the units digit of g?
7
Suppose 4*x - 361 = -5*c, 4*c = -0*c + 20. What is the tens digit of x?
8
Suppose -5*c + k + 209 = 0, c - 6*c - k + 211 = 0. What is the tens digit of c?
4
Let u be 3 + 42 + (-1 - -4). Suppose 58 = z - 2*a, -z - 5 = a - u. What is the units digit of z?
8
Suppose -p = 16 - 64. What is the units digit of p?
8
Let a be 75/9 - (-4)/6. Let w = a + -7. Suppose -i - 17 = -w*i. What is the units digit of i?
7
Suppose -24 - 94 = -2*g - 4*z, -g - 4*z + 49 = 0. What is the units digit of g?
9
Suppose 2*c - c - 98 = 5*v, -4*c = -4*v - 312. What is the units digit of c?
3
What is the tens digit of 4/6*3/(-6)*-294?
9
Suppose -3*b + 63 = -60. Let i = 12 - 7. Suppose 0 = -i*a + b - 1. What is the units digit of a?
8
Let c(f) = 2 + 5*f**3 - 3*f**3 - 4*f**3 + f**3. What is the units digit of c(0)?
2
Suppose -3*w + 75 = -114. What is the units digit of w?
3
Let i be (-4)/(-3) - 2/6. Let p be (i - 1)*1 - -3. Suppose -p*x = 2*x - 30. What is the units digit of x?
6
Let b be ((-63)/(-14))/((-6)/8). Let x(m) = -3*m - 4. What is the tens digit of x(b)?
1
Let l = -23 - -51. What is the units digit of l?
8
Let r = 76 + -46. What is the units digit of ((-72)/20)/((-4)/r)?
7
Suppose 0 = q + 2*n - 12, 0*n = -2*q + 2*n. Let l be -2 + 6 + 0 + -2. What is the units digit of -5*(-1)/(l/q)?
0
Suppose 0 = 5*b - 11 + 1. Let v(h) be the third derivative of h**4/12 + h**3/6 - h**2. What is the units digit of v(b)?
5
Suppose 5*p - p = 28. Suppose -2*c + 60 = 3*j - p*c, -5*c + 45 = 4*j. What is the tens digit of j?
1
Suppose 3*z = 3*p - 12, 0*p - 4*z + 8 = -p. Let s = p - 4. Suppose -5 = -s*r + 11. What is the units digit of r?
4
Let q(g) be the third derivative of 0*g**3 + 0 + 1/12*g**4 - 1/60*g**5 + 2*g**2 + 0*g. What is the units digit of q(1)?
1
Let j = -64 + -34. Let o be (-3)/6 - j/4. Suppose -o = -0*p - 4*p. What is the units digit of p?
6
Let z(c) = c - 2. Suppose -17 + 5 = -2*n. Let i be z(n). Suppose -5*j + 0*j - 30 = -4*o, 4*j - 12 = -i*o. What is the units digit of o?
5
What is the tens digit of ((-3)/(-3))/((-2)/(-3468)*6)?
8
Let l(j) = 2*j - 7. Let y be l(6). Let i = y - -3. What is the units digit of i?
8
Suppose s = 5*m + 16, 4*m + 9 = -4*s + s. What is the units digit of (s - 3/6)*6?
3
Let r = -5 + 8. Suppose 1 = r*j - 14. Suppose 37 + 3 = j*k. What is the units digit of k?
8
Suppose -j - 15 = -6*j. Suppose -4*d - 4*q = -88, 24 = -j*d + 4*d + 2*q. Suppose -12 = -4*b + d. What is the units digit of b?
8
Suppose 0 = 5*m - 1 - 9. Suppose 3*q - 13 = -2*s + 39, m*q + 72 = 4*s. What is the tens digit of s?
2
What is the hundreds digit of (-398 + 0 + -6)*(-2)/4?
2
Let r(c) = -c**3 + 9*c**2 - 4*c + 2. Let u be r(7). Suppose -4*y + 62 = y - 4*n, 5*y + n - u = 0. What is the units digit of y/35 - (-3)/5?
1
Let m = -44 + 100. Suppose m = 5*y - 4. What is the tens digit of y?
1
Let n = -112 - -116. Let v be -2*(-2)/(-4) + 11. Let b = v + n. What is the units digit of b?
4
Suppose i + 3*i = 0. Suppose -4*g + 21 + 47 = i. What is the units digit of g?
7
Let r be (-54)/(-21) + (-15)/(-35). Suppose r = -q + 6. What is the units digit of q?
3
Let a(i) = -2*i**3 - 9*i**2 - 5*i + 7. What is the units digit of a(-5)?
7
Suppose -6*f + f = 0. Let l = 0 - f. Suppose n - 3 - 5 = l. What is the units digit of n?
8
Let z(h) = 2*h - 5. Let j be z(5). Suppose o + 0 = j. What is the units digit of o?
5
Let t = -137 - -80. Let w = 80 + t. What is the tens digit of w?
2
Let y be 12/(-20) - (-266)/10. Let t = y - 4. What is the units digit of t?
2
What is the tens digit of (-2)/5 - 554/(-10)?
5
Let z(u) = u - 5. Let v be (-5 + 13)*(-2)/(-4). Suppose -m + v = -2. What is the units digit of z(m)?
1
Suppose 6*c - c - 150 = 0. Suppose 0 = -0*s - s + 2. Suppose -4*f + c = -s. What is the units digit of f?
8
Let b be -10*4/((-24)/(-93)). What is the tens digit of 2/3 + b/(-15)?
1
Suppose -5*l - 79 = -269. What is the tens digit of l?
3
Let o be (1 - 1)/(0 - 2). What is the units digit of (o + -2)/((-2)/4)?
4
Let u be (-2)/6 + 13/3. Let d(q) = -2 + 0*q**3 + 3*q**3 + 3 + 4*q**2 - 4*q**3 + q. What is the units digit of d(u)?
5
Let l = 8 - 3. Suppose 10 = l*i - 0*i. Suppose -3*b + 4 + i = 0. What is the units digit of b?
2
Suppose 2*y - 1 - 15 = 0. Let z be y/3*3/2. Let k = z + 0. What is the units digit of k?
4
Suppose 8 = -u + 3*k - 0, 4*u + 5 = 3*k. What is the units digit of 2/((-2)/(-7)) + u?
8
What is the tens digit of ((-18)/5)/((-8)/60)?
2
Suppose -5*w = -2*x - 53, -2*x - 2 = -4. What is the units digit of w?
1
Let h(v) = -13*v - 27. What is the hundreds digit of h(-23)?
2
Let f = -25 + 58. What is the units digit of f?
3
Suppose -g + 1 = 5*r - r, 3*r + 3 = 0. Suppose -g*q - 95 = -275. What is the units digit of q?
6
Let r(n) = 2*n + 1. Let g(p) = 4*p + 1. Let s(h) = 4*g(h) - 10*r(h). What is the tens digit of s(-15)?
5
Suppose -2*o + 16 = -6*o. Let w be 4*(3/o)/(-3). What is the units digit of (-3 + 2)/(w/(-5))?
5
Let y = 2 + 2. Suppose 56 = y*a - 0. What is the tens digit of a?
1
What is the units digit of ((-8888)/(-66))/((-4)/(-6))?
2
What is the tens digit of 8 - -11 - (-2)/(-2)?
1
What is the tens digit of (-7 - -4 - 1) + 18?
1
Suppose 0 = o + 4*o - 10. Suppose 8 = -z + o. Let k = -4 - z. What is the units digit of k?
2
Suppose 2*k + q + 0 = -8, 3*q = -12. Let l be ((-1)/2)/(k/8). Suppose 2*n + l = 6. What is the units digit of n?
2
Let s(v) = v**2 - v + 3. Let g be s(0). Suppose -k - 15 = -3*z, 2*k + g*k - 5 = -z. What is the units digit of z?
5
Let j(q) = -q**2 + 11*q. Let t be j(11). Let v = -4 - -10. Suppose t = 3*u - v*u + 18. What is the units digit of u?
6
Let r(d) = -d**2 - 4 + d**2 - 4*d + d**2 - 3*d. Let s be r(8). Suppose 0 - 12 = -s*k. What is the units digit of k?
3
Suppose 5*q - 6*q + 166 = 0.